{"id":33,"date":"2023-04-22T15:23:19","date_gmt":"2023-04-22T15:23:19","guid":{"rendered":"https:\/\/sonderzeichen.com\/?post_type=product&#038;p=33"},"modified":"2026-02-22T04:53:20","modified_gmt":"2026-02-22T04:53:20","slug":"sonderzeichenhilfe-sibboleth","status":"publish","type":"product","link":"https:\/\/sonderzeichen.com\/?product=sonderzeichenhilfe-sibboleth","title":{"rendered":"Sonderzeichenhilfe \u0160ibboleth"},"content":{"rendered":"<p>&nbsp;<\/p>\n<h1><strong>Hilfe, Sonderzeichen! \u2013 <\/strong><\/h1>\n<h2><strong>Sonderzeichen\u2060hilfe \u0160ibboleth<sup>\u00a9<\/sup> <\/strong><\/h2>\n<p><strong>ASCII 2 S<\/strong><b>onderzeichen \u00fcber die Tastatur<br \/>\n<\/b><\/p>\n<p><em>Ein Service von Sonderzeichen\u2060hilfe<\/em><\/p>\n<p><strong>\u0160ibboleth<sup>\u00a9<\/sup> 5.0<\/strong> ist die beste zurzeit erh\u00e4ltliche Eingabehilfe f\u00fcr europ\u00e4ische lateinische Sonderzeichen:<\/p>\n<p style=\"padding-left: 30px;\">\u25cf kein Wechsel des Tastaturtreibers notwendig<\/p>\n<p style=\"padding-left: 30px;\">\u25cf keine Zahlencodes!<\/p>\n<p style=\"padding-left: 30px;\">\u25cf kein langwieriges Suchen im Sonderzeichenmen\u00fc<\/p>\n<p style=\"padding-left: 30px;\">\u25cf verf\u00fcgbar auch in E-Mail-Fenstern, Internet-Browsern, Dateinamen und Formularfeldern<\/p>\n<p style=\"padding-left: 30px;\">\u25cf intuitive und leicht erlernbare Bedienung<\/p>\n<p class=\"title exclude_highlighter\">Das Programm kann \u00fcber eine beliebige lateinische Tastatur alle europ\u00e4ischen lateinischen Sonderzeichen erzeugen<\/p>\n<p class=\"title exclude_highlighter\">(deutsche sonderzeichen, spanische sonderzeichen, \u2026).<\/p>\n<h4 class=\"title exclude_highlighter\"><b>Tastenkombination f\u00fcr die <\/b><b>Sonderzeichen<br \/>\n<\/b><\/h4>\n<p>Tastenkombination: Man gibt erst das Basiszeichen ein (je nach Bedarf in Gro\u00df- oder Kleinschreibung), dann das ASCII-Surrogat eines diakritischen Zeichens und dr\u00fcckt dann die Raute-Taste (#):<\/p>\n<p style=\"padding-left: 30px;\">e: e- e&amp; e&lt; \u2026 plus Raute ergibt \u00eb \u0113 \u0119 \u011b \u2026<\/p>\n<p style=\"padding-left: 30px;\">c&lt; z&lt; n&lt; r&lt; \u2026 plus Raute ergibt \u010d \u017e \u0148 \u0159 \u2026<\/p>\n<p>(Die Raute-Taste \u00fcbernimmt hier die Funktion einer Compose-Taste, wie sie unter Linux verwendet wird.)<\/p>\n<p>Die Lizenz kostet 20 \u20ac f\u00fcr Privatanwender. Preis f\u00fcr Universit\u00e4ten und Firmen auf Anfrage.<\/p>\n<p>Das Programm kann bestellt werden unter <a href=\"mailto:info@sonderzeichenhilfe.de\" target=\"_blank\" rel=\"noopener\">info@sonderzeichenhilfe.de<\/a>.<\/p>\n<p>Eine ausf\u00fchrliche Dokumentation finden Sie hier: <a href=\"https:\/\/sonderzeichen.com\/wp-content\/uploads\/2023\/04\/Bedienungsanleitung.pdf\" target=\"_blank\" rel=\"noopener\">Bedienungsanleitung<\/a><\/p>\n<p><span style=\"text-decoration: underline;\">Systemvoraussetzungen:<\/span> Betriebssystem Windows 2000\/XP\/7\/8\/10.<\/p>\n<p><strong>\u0160ibboleth<sup>\u00a9<\/sup><\/strong> wird unter anderem verwendet von:<\/p>\n<table style=\"width: 643.2px;\">\n<tbody>\n<tr style=\"height: 134.783px;\">\n<td style=\"height: 134.783px; width: 271px;\"><img decoding=\"async\" src=\"images\/sampledata\/img\/Uni_logo.jpg\" alt=\"\" \/><\/td>\n<td style=\"height: 134.783px; width: 312.2px;\">Uni Salzburg, FB Slawistik<\/td>\n<\/tr>\n<tr style=\"height: 15px;\">\n<td style=\"height: 15px; width: 271px;\">&lt;<img decoding=\"async\" src=\"images\/sampledata\/img\/unilogo-200x66.gif\" alt=\"Uni Freiburg\" \/>&gt;<\/td>\n<td style=\"height: 15px; width: 312.2px;\">Universit\u00e4t Freiburg, Slavisches Seminar<\/td>\n<\/tr>\n<tr style=\"height: 15px;\">\n<td style=\"height: 15px; width: 271px;\"><img decoding=\"async\" src=\"images\/sampledata\/img\/logoLudwig-Maximilians-Universitt_Mnchen.gif\" alt=\"\" \/><\/td>\n<td style=\"height: 15px; width: 312.2px;\">LMU M\u00fcnchen, Slavisches Seminar<\/td>\n<\/tr>\n<tr style=\"height: 15px;\">\n<td style=\"height: 15px; width: 271px;\">&lt;<img decoding=\"async\" src=\"images\/sampledata\/img\/vifaost.jpg\" alt=\"Vifaost\" \/>&gt;<\/td>\n<td style=\"height: 15px; width: 312.2px;\">Virtuelle Fachbibliothek Osteuropa<\/td>\n<\/tr>\n<tr style=\"height: 15px;\">\n<td style=\"height: 15px; width: 271px;\">&lt;<img decoding=\"async\" src=\"images\/sampledata\/img\/logo-uni-tuebingen.png\" alt=\"Uni T\u00fcbingen\" \/>&gt;<\/td>\n<td style=\"height: 15px; width: 312.2px;\">Uni T\u00fcbingen, Slavisches Seminar<\/td>\n<\/tr>\n<tr style=\"height: 15px;\">\n<td style=\"height: 15px; width: 271px;\"><img decoding=\"async\" src=\"images\/sampledata\/img\/logo_export-rgb-web-bis-05cm25.png\" alt=\"\" \/><\/td>\n<td style=\"height: 15px; width: 312.2px;\">Rosa-Luxemburg-Stiftung<\/td>\n<\/tr>\n<\/tbody>\n<\/table>\n<p><strong>Kommentare zufriedener Kunden:<\/strong><\/p>\n<p>\u201eIch bin schwer beeindruckt. Die Idee ist wirklich gut.\u201c<\/p>\n<p>\u201eHat geklappt; die \u00bb Schw\u00e4nzchen \u00ab zu sehen ist ein Genuss!!\u201c<\/p>\n<p>\u201eDas mit der Sonderzeichenhilfe ist ja ein Segen! Und das funzt ja so sch\u00f6n! Danke, eine echte Bereicherung!\u201c<\/p>\n<p>\u201eHerzlichen Gl\u00fcckwunsch zu deiner Idee! Ich bin eine Rum\u00e4nisch- und Ungarisch-Zeichen-Benutzerin und ist es wirklich ziemlich m\u00fchsam, mit Einf\u00fcgen von Symbolen zu arbeiten. Ich habe gleich deine Software ausprobiert\u2026 und es funktioniert. Vielen, vielen Dank f\u00fcr die Arbeitserleichterung\u2026\u201c<\/p>\n<p>\u201eSehr gute und eigentlich l\u00e4ngst \u00fcberf\u00e4llige Idee! Ich betreue im Rahmen der Virtuellen Fachbibliothek Osteuropa die Datenbank OstNet, muss also st\u00e4ndig zwischen Tastatur-Belegungen wechseln und kann Dein Programm von daher sehr gut gebrauchen.\u201c<\/p>\n<p>\u201eDanke f\u00fcr die Erleichterung beim Tippen, klasse Sache!\u201c<\/p>\n<p>\u201eErst einmal vielen Dank f\u00fcr das Programm! Eine ganze Generation von Slawistikstudenten hat auf so ein Programm gewartet.\u201c<\/p>\n<p>\u201eDarauf habe ich lange gewartet! \u2026 Es funktioniert ja sogar auch im Mailprogramm. Also \u2013 Supersache! Vielen Dank nochmal! \u201c<\/p>\n<p>\u201eIch will meiner Bewunderung Ausdruck verleihen f\u00fcr dieses tolle Programm! DANKE!! War schon oft in der Situation, mich \u00fcber das Fehlen einer derartigen Applikation zu \u00e4rgern, meist zwar eher im Umfeld vom spanischen \u00f1 oder umgekehrt in Spanien den deutschen Umlauten.\u201c<\/p>\n<p>\u201eGenau so etwas suche ich n\u00e4mlich schon lange, es nervt mich furchtbar, da\u00df ich am PC keine polnischen Buchstaben schreiben kann, jedenfalls nicht schnell, sondern nur mit der Symbol-Funktion von Word!\u201c<\/p>\n<p>\u201eGratulation f\u00fcr das gelungene Programm.\u201c<\/p>\n<p>\u201eIch bin begeistert von Ihren Sibboleth-Programmen, die ich \u00fcber die Mailingliste Slav-Mail kennengelernt habe, auf der Ihre JOE-Mails auch zu lesen waren. Meine Arbeit als Computerhiwi des T\u00fcbinger Slawischen Seminars werden die Tools sicher erleichtern, da ich mir die Installation zus\u00e4tzlicher Tastaturtreiber nun in den meisten F\u00e4llen sparen kann.\u201c<\/p>\n<p>\u201eInstallation ging ja eigentlich von selbst und jetzt kann ich endlich tschechische Sonderzeichen &#8211; klappt problemlos, bisher bin ich sehr zufrieden :)))) Werd&#8216; ich gleich weitersagen!\u201c<\/p>\n<div id=\"ConnectiveDocSignExtentionInstalled\" data-extension-version=\"1.0.4\"><\/div>\n","protected":false},"excerpt":{"rendered":"<p>&nbsp;<\/p>\n<div id=\"ConnectiveDocSignExtentionInstalled\" data-extension-version=\"1.0.4\"><\/div>\n","protected":false},"featured_media":42,"comment_status":"open","ping_status":"closed","template":"","meta":[],"product_brand":[],"product_cat":[17],"product_tag":[],"class_list":{"0":"post-33","1":"product","2":"type-product","3":"status-publish","4":"has-post-thumbnail","6":"product_cat-software","8":"first","9":"instock","10":"shipping-taxable","11":"product-type-simple"},"_links":{"self":[{"href":"https:\/\/sonderzeichen.com\/index.php?rest_route=\/wp\/v2\/product\/33","targetHints":{"allow":["GET"]}}],"collection":[{"href":"https:\/\/sonderzeichen.com\/index.php?rest_route=\/wp\/v2\/product"}],"about":[{"href":"https:\/\/sonderzeichen.com\/index.php?rest_route=\/wp\/v2\/types\/product"}],"replies":[{"embeddable":true,"href":"https:\/\/sonderzeichen.com\/index.php?rest_route=%2Fwp%2Fv2%2Fcomments&post=33"}],"wp:featuredmedia":[{"embeddable":true,"href":"https:\/\/sonderzeichen.com\/index.php?rest_route=\/wp\/v2\/media\/42"}],"wp:attachment":[{"href":"https:\/\/sonderzeichen.com\/index.php?rest_route=%2Fwp%2Fv2%2Fmedia&parent=33"}],"wp:term":[{"taxonomy":"product_brand","embeddable":true,"href":"https:\/\/sonderzeichen.com\/index.php?rest_route=%2Fwp%2Fv2%2Fproduct_brand&post=33"},{"taxonomy":"product_cat","embeddable":true,"href":"https:\/\/sonderzeichen.com\/index.php?rest_route=%2Fwp%2Fv2%2Fproduct_cat&post=33"},{"taxonomy":"product_tag","embeddable":true,"href":"https:\/\/sonderzeichen.com\/index.php?rest_route=%2Fwp%2Fv2%2Fproduct_tag&post=33"}],"curies":[{"name":"wp","href":"https:\/\/api.w.org\/{rel}","templated":true}]}}